5 + 11. What is the tens digit of l?
5
Let f(q) = q + 12. Let p = 0 - 9. What is the units digit of f(p)?
3
Let t be 0 + (-42)/(-9)*3. What is the tens digit of t + -2 + 2 - -1?
1
Suppose -2*f - 16 = -4*f. Suppose 5*x - u - 8 = f, 0 = x - 3*u - 6. Suppose -3*i + x = -0. What is the units digit of i?
1
Let f(z) = -8*z**2 - 5. Let i(s) = s**2 + 1. Let c(l) = -f(l) - 5*i(l). Let j be c(1). What is the units digit of j*8*3/9?
8
Suppose -2*b = b - 51. Suppose -5*d = 20, -b = -3*t + 3*d - 4*d. What is the units digit of t?
7
Suppose 206 = 3*v + 62. What is the units digit of v?
8
Suppose 6*f - 3*f = 120. What is the units digit of f?
0
Let q(d) = 5*d - 4. Let u(c) = 3 + 0 + 3 - 14*c + 5. Let m(p) = 8*q(p) + 3*u(p). What is the units digit of m(-2)?
5
Let n(s) = -5*s - 5. Let g be n(8). Let t = g - -64. What is the units digit of t?
9
Let f(h) be the first derivative of 13*h**5/60 + h**4/24 - h**3/6 + h**2/2 + 2. Let q(m) be the second derivative of f(m). What is the units digit of q(1)?
3
Let a be -166*(-1 + 9/6). Let i = 119 + a. What is the tens digit of i?
3
Let v(i) = -i**3 - 10*i**2 - i - 8. What is the units digit of v(-10)?
2
Let j(r) = r - 7. Let v(f) = -f**2 - f + 8. Let x(l) = -6*j(l) - 5*v(l). Let k be x(2). Let n = 28 - k. What is the units digit of n?
8
Suppose -u - 2*w = 11, 56 = -4*u - w - 3*w. Let d be (1 - (0 + 2))*-27. Let s = u + d. What is the tens digit of s?
1
Let q(x) = 8*x**3 + x**2. Suppose 2 = r + 1. What is the units digit of q(r)?
9
Suppose 0 = -2*s - 81 - 77. What is the units digit of (-4)/(-18) - s/9?
9
Let z = 7 + -9. Let v = 4 + z. What is the units digit of v?
2
Suppose -6 = -5*f + 5*v + 44, -18 = -f + 5*v. What is the units digit of f?
8
Suppose 34 = 4*s + 2*w - 0*w, -w - 13 = -3*s. Suppose -t - 18 = 5*k - 10*k, -t - s = k. What is the units digit of t/(-12) + (-32)/(-6)?
6
Suppose -4*n = -15 - 353. Suppose -f = 3*f - n. What is the tens digit of f?
2
Let k be -3 + (3 - 5) + 2. What is the units digit of 64/6 - 1/k?
1
Suppose -u - 3*b = -94, -4*u + b - 2*b + 420 = 0. What is the tens digit of u?
0
Let b(l) = -3*l**2 + 2 + 0*l**2 + 4*l**2. Let v be b(-2). Suppose -v = -3*a + 39. What is the tens digit of a?
1
Suppose 8 = i + 4*b, 3*i + 32 = 7*i + 4*b. Suppose 4 = 4*v - i. What is the units digit of -3 - (-8 - v/(-1))?
2
Let q(c) be the third derivative of -c**6/60 + c**5/60 + c**4/6 - c**3/2 + c**2. Let x be q(2). Let f = -3 - x. What is the units digit of f?
4
Let a = -33 + 108. Let u = -47 + a. Suppose 0 = -4*c - 4 + u. What is the units digit of c?
6
Let v(k) = k**3 - 10*k**2 + 9*k + 8. Let m be v(9). Let r = m - -36. Let d = r - 25. What is the units digit of d?
9
Let n be (9/3)/(-6)*-582. What is the units digit of n/15 + (-3)/(-5)?
0
Let n(l) = 2*l**2 - 2. Suppose -3*y + 2*y + 4 = 0. Suppose 5*x = -3*a + 6, -5*a + 3*a + 3*x = -y. What is the units digit of n(a)?
6
Let g(m) = m**3 + 12*m**2 + 32*m. What is the units digit of g(-6)?
4
Let x(d) = 42*d + 1. What is the hundreds digit of x(3)?
1
Let j = -13 - -32. Suppose 6*z + j = 4*k + 3*z, -z = -5*k + 32. What is the units digit of k?
7
Let a = 17 - 3. Suppose -5*v = -v - 8. Suppose -v*r + a = -0. What is the units digit of r?
7
Suppose 4 = 5*v - 1. What is the units digit of v?
1
Let l = -120 - -204. What is the units digit of l?
4
Let d = -5 - -19. Suppose 7*w - 20 = 4*w - g, -5*w = -3*g - 10. Let i = d - w. What is the units digit of i?
9
Suppose 4*i = 2 + 10. Suppose i*s = 12, 0*s + 20 = 4*c + 3*s. Suppose -5*j - c = -7. What is the units digit of j?
1
Let p be (2/(-6))/(2/6). Let u be (2 - 10)/(p - 1). Suppose -u*l = -2*l - 12. What is the units digit of l?
6
Suppose 0 = 5*p + 4*b + 347, -3*p = 2*p - 5*b + 365. Let u = -28 + p. What is the tens digit of ((-1)/3)/(3/u)?
1
Suppose 2*b - 2*q - q = 9, 0 = 5*b - 4*q - 33. What is the units digit of b?
9
What is the tens digit of 442/5 - ((-8)/5 - -1)?
8
Let t(h) = 3*h**3 - 7*h**2 + 3*h + 10. Let w(v) = 10*v**3 - 21*v**2 + 10*v + 31. Let c(k) = 7*t(k) - 2*w(k). What is the units digit of c(7)?
5
What is the units digit of -20*(-6)/(48/20)?
0
Suppose 38 = 3*k + 3*y - 175, -3*y = 5*k - 365. What is the units digit of k?
6
Suppose 5*r = 2*s - 24, 3*s - 4*s + 2*r + 10 = 0. Suppose -3*k + 4*m = 14, -8 = -3*k - s*m - 28. What is the units digit of ((-8)/k)/((-3)/(-18))?
8
What is the units digit of (-1)/(-3) + (-392)/(-12)?
3
Suppose 0 = 3*l + l. Suppose 2*n - 6*n + 16 = l. What is the units digit of n?
4
Let k = 116 - 62. What is the units digit of k?
4
What is the tens digit of -27*(-3)/(-6)*-2?
2
Let h be 33/(-12) + 3/4. Let b(n) = 4*n**2 + 3*n + 5. What is the units digit of b(h)?
5
What is the hundreds digit of ((1 - 3) + -164)/(1 + -2)?
1
Let l = 79 - 52. What is the units digit of l?
7
Let r = 220 - 39. What is the hundreds digit of r?
1
Let b = -90 + 164. What is the tens digit of b?
7
Suppose q + 0*q = 1. Let r(x) = 4*x. Let i be r(q). Suppose i - 9 = -p. What is the units digit of p?
5
What is the hundreds digit of (-2)/(-3)*3090/20?
1
Let j(h) = 3*h**2 + 2*h + 3. Let n be j(3). Let o = -25 + n. What is the units digit of o?
1
Let r = 694 - 313. What is the hundreds digit of r?
3
Suppose -3*q = -5*l + 143, -4*l = -q - 47 - 73. What is the tens digit of l?
3
Suppose 3*a - 2*a - 4 = 0. Suppose 5*b = -2*z - 19, 17 = a*z - 0*b - b. What is the units digit of z?
3
Suppose 6 + 2 = 4*n. Suppose -n*k + 49 = -7. What is the units digit of k?
8
Let k = 0 - -4. Let d be (-8)/(-4)*31/2. Suppose -2*o - 3*o = -25, -k*p - 3*o = -d. What is the units digit of p?
4
Let t(v) = -4*v + 9. Let g be t(-9). Suppose -p + 4*p - g = 0. What is the units digit of p?
5
Suppose h + 0 = 4. Suppose -5*a = -h*a + 6. Let r = 1 - a. What is the units digit of r?
7
Let v = -104 - -183. What is the units digit of v?
9
Let u = 0 + 1. Let f be 5 + -1 + u + -2. Suppose 0 = -y + 6 + f. What is the units digit of y?
9
Let f(b) = -2*b - 16. Let a be f(-12). Suppose -3*t + a = t. What is the units digit of t?
2
Suppose -4*f = -16, -121 = 5*k - 3*f + 21. Let q = 52 + k. What is the units digit of q?
6
Let z = -12 + 33. What is the tens digit of (8 - 8) + z + -1?
2
Let o be 24/10 - 2/5. Suppose -94 = -4*n + q, -o*q - 4 = -0*q. Suppose 4 = 2*h, -5*h + n - 4 = g. What is the units digit of g?
9
Let i = -5 - -20. What is the tens digit of i?
1
Let c be (-2)/6 - 7/(-3). Suppose 3*a = -t + c, -t + a + 5 = -1. What is the units digit of t?
5
Suppose 248 = 12*n - 460. What is the tens digit of n?
5
Suppose 3*m = 6*m. Suppose h + 0*h = m. Suppose -5*z + 5*d + 5 = h, -2*d = 3*z - 4 - 19. What is the units digit of z?
5
Let s(m) = m**2 + 3. Let n(j) = -3*j + 5. Let r be n(5). Let k(p) = -p**2 - 10*p. Let g be k(r). What is the units digit of s(g)?
3
Suppose 9*p = 4*p + 205. What is the tens digit of p?
4
Let a(q) = 4*q**2 - 6*q. Let i be a(4). Suppose 2*n + i = 7*n. What is the units digit of n?
8
Let h be 17 + (-1 - 1) + 1. Suppose 2*d + 5*w - 36 = 0, 0 = w + 3*w + h. What is the units digit of d?
8
What is the tens digit of (-8632)/(-65) + 1/5?
3
Let t be (-3)/(-12) - (-22)/8. Suppose -6*y - 612 = -t*y. What is the tens digit of y/(-21) - (-2)/7?
1
Suppose 3 + 6 = 3*h. Suppose -9 = h*x, 0*x + 102 = 3*r - x. Suppose 6*c - r = 3*c. What is the tens digit of c?
1
Let o(c) = -5*c**2 - 5*c + 28. Let b(m) = -m**2 - m. Let k(q) = -4*b(q) + o(q). What is the tens digit of k(0)?
2
Suppose 5*f - 24 = f. Let b be (8/3)/(f/9). Let y = 6 + b. What is the units digit of y?
0
Let q(o) be the third derivative of o**6/120 + o**5/12 - o**4/4 + o**3/3 - o**2. What is the units digit of q(-6)?
2
Let d be (2/(-3))/(6/(-27)). What is the units digit of d/(-6)*(-3 - 15)?
9
Let j = 2 - 2. Suppose 3*p - 17 + 5 = j. What is the units digit of p?
4
Suppose -3*m = 3*m - 192. What is the tens digit of m?
3
Let g(n) = n**2 + 8*n - 1. What is the hundreds digit of g(11)?
2
Suppose -d - 2*d = 2*t - 54, -5*d = t - 97. Suppose 0*z - 2*z + d = 0. What is the units digit of z?
0
What is the units digit of (-21)/(-6)*(8 + 6)?
9
Suppose 0*d + 4*s + 26 = -2*d, -5*s - 15 = 0. What is the tens digit of 58/2 - (d + 3)?
3
Let q(o) = 7*o - 8. Let i be q(5). Suppose -g - 8 = -i. What is the units digit of g?
9
Let y(h) = -h - 1. Let w be y(-4). Suppose w*j - 10 + 22 = 0. Let g(r) = -r**2 - 6*r - 4. W